et x(v) = 4*v**2 - 3*v + 2. Let k be x(1). Let t(p) = -2*p**2 - 2*p - 4. Let a be t(k). Let c = a + 86. What are the prime factors of c?
2, 29
Suppose -f = -3*j + 2*f + 390, -j + 4*f + 130 = 0. List the prime factors of j.
2, 5, 13
Suppose -11908 = 34*g - 47*g. List the prime factors of g.
2, 229
Suppose -f = v - 4*v - 513, 0 = 3*f + 4*v - 1487. Let c = -165 + f. Suppose n - 2*n + 2*a + 84 = 0, -2*a = 4*n - c. List the prime factors of n.
2, 3, 7
Suppose -123*n + 122*n = -307. List the prime factors of n.
307
Let o(y) be the second derivative of -2*y**3/3 - 9*y**2/2 + 3*y. What are the prime factors of o(-10)?
31
Suppose -b + 2293 = 3*y, 1518 = 5*y - 3*y - 2*b. What are the prime factors of y?
7, 109
Suppose 3 = -4*n - m, -2*n + 4*m + 2 - 26 = 0. List the prime factors of 2268/24 - n/(-4).
2, 47
Let k(f) = 9*f**3 + f**2 + 3*f + 3. Let c be k(-2). Let l = c + 123. List the prime factors of l.
2, 13
Let y = -1 - -3. Suppose y - 3 = q. Let r(k) = -30*k. List the prime factors of r(q).
2, 3, 5
Suppose -13*a - 4*a + 2448 = 0. What are the prime factors of a?
2, 3
What are the prime factors of (-11484)/330*(-520)/6?
2, 13, 29
Let i be 2412/(-7)*(-14)/3. List the prime factors of 4/26 - i/(-26).
2, 31
Let i(y) = 6*y**3 - 3*y**2 - y + 2. Let s be i(2). Suppose 11*q = -13 + 68. Suppose 2*u + s = q*u. List the prime factors of u.
2, 3
Let l(i) be the second derivative of 5*i**4/12 + i**3/6 + 9*i**2/2 + 25*i. List the prime factors of l(-3).
3, 17
Let m = -2700 - -4211. List the prime factors of m.
1511
Suppose -5*i = -k + 389, -5*k + 1396 + 491 = 4*i. What are the prime factors of k?
379
Suppose 30 = -t + 3*l, -l = 2*t - t + 50. Let w = 5 - t. List the prime factors of w.
2, 5
Let w = 2 - 0. Let s(k) be the first derivative of 4*k**3/3 + k**2/2 - 8. List the prime factors of s(w).
2, 3
Suppose 3*z - 4*i - 8 = -z, 5*i = 3*z - 12. Let q(j) = -36*j**3 - j**2 - 3*j - 2. List the prime factors of q(z).
2, 3
Let y = 5 + -2. Suppose -14 = -5*t + y*t. List the prime factors of ((-3)/4)/(t/(-168)).
2, 3
Let s(h) = h**2 + 5*h + 10. Let o be s(-7). Suppose -z + 5*z = -o. Let m(x) = -x**3 - 5*x**2 + 4*x - 3. What are the prime factors of m(z)?
3
Let x(k) = k + 3. Let i be x(-2). What are the prime factors of i/(1/2) + 0 + 87?
89
Let g = 681 + -208. List the prime factors of g.
11, 43
Let s(l) = 3*l**2 - 11*l - 2. Let q be s(4). Let x(u) = 18*u**2 + 4*u + 1. What are the prime factors of x(q)?
3
Let h(j) = -j**2 - 13*j - 40. Let i be h(-9). What are the prime factors of -5*(592/(-20) - i)?
2
Suppose 2*p + 960 = 7*p. List the prime factors of p.
2, 3
Let b(q) = -q**3 - 9*q**2 - 19*q + 10. Let z = 91 + -99. What are the prime factors of b(z)?
2, 7
Suppose 3*j + 9 = 3*g, 2*j + 5*g - 15 + 7 = 0. List the prime factors of 22 + j/(3 + -4).
23
Let q = 3209 + 1251. What are the prime factors of q?
2, 5, 223
Let v be 1/(-2*(-3)/12). Let l be (-1)/v*0/(-5). Let a = 2 + l. List the prime factors of a.
2
List the prime factors of -2*(-4)/(-14) - 109136/(-133).
2, 5, 41
Let d = -3504 + 5989. What are the prime factors of d?
5, 7, 71
Suppose -975 = -19*h - 63. What are the prime factors of h?
2, 3
What are the prime factors of (-7 + (-4437)/27)/((-4)/30)?
5, 257
Let a = -184 + 108. Let f = 135 + a. Let d = -35 + f. List the prime factors of d.
2, 3
Let j = 65 - 63. Suppose -8 = 3*z - 7*z - 3*p, 0 = j*p. List the prime factors of z.
2
Suppose -38*p + 14375 = 1303. List the prime factors of p.
2, 43
Let r(l) = -85*l - 70. What are the prime factors of r(-2)?
2, 5
Let l(y) be the first derivative of 2*y**3/3 + 6*y - 3. What are the prime factors of l(-3)?
2, 3
Suppose 308 - 80 = -3*w. Let c = w - -151. What are the prime factors of c?
3, 5
Suppose 4*j = f, 2*f + 0*j - 11 = -3*j. Let t(r) = -3 + 7 - 7*r - f - r**2. List the prime factors of t(-5).
2, 5
Suppose -51*h + 54*h - 3285 = 0. List the prime factors of h.
3, 5, 73
Let f be 835/(-9) - (-8)/(-36). Let o = -48 - f. What are the prime factors of o?
3, 5
Let z = -3 - -3. Suppose z = -3*k - 4*d + 21, 4*k - 3*d - 15 = 13. Let o = k + 0. What are the prime factors of o?
7
Suppose 962 + 73 = 5*z. What are the prime factors of z?
3, 23
Suppose 15*s - 100 = 20*s. List the prime factors of ((9/6)/(-1))/(2/s).
3, 5
Let l(v) = 29*v + 13. Suppose 4*x + 10 + 35 = 5*t, 0 = 2*t + 2*x. What are the prime factors of l(t)?
2, 79
Let q = 243 + -194. List the prime factors of q.
7
Let g(p) = -11*p - 1. Let h = -2 - 0. Let i be g(h). Let u = i + 16. List the prime factors of u.
37
Let a(q) = 3*q**2 + q + 1. Let r be a(1). Suppose 2*g = 3*i + 251 + 158, -r*i + 851 = 4*g. What are the prime factors of g?
11, 19
Let r(s) = -2384*s - 16. What are the prime factors of r(-2)?
2, 3, 11
Suppose 85*z - 72*z - 1586 = 0. List the prime factors of z.
2, 61
Let x = -1407 - -2784. List the prime factors of x.
3, 17
Suppose -6*u = -3*u. Suppose u = n - 11 - 42. What are the prime factors of n?
53
Suppose 21*h = 6*h - 90. List the prime factors of 117/h*10/(-15).
13
Let n be (27/(-12))/(9/(-24)). Let p(j) = j**2 - j + 12. List the prime factors of p(n).
2, 3, 7
Let t(g) = 116*g**3 + 3*g**2 + 4*g - 9. List the prime factors of t(2).
3, 313
Suppose 5*f = 2*q + q + 17, 5*f + 3*q - 23 = 0. Let s be (-74)/6*-3 + -2. Suppose f*v - s = 1. List the prime factors of v.
3
Suppose 6*h - 12469 + 3259 = 0. Suppose -6*f = 221 - h. List the prime factors of f.
3, 73
List the prime factors of (-1 - (-9)/27) + 4013/3.
7, 191
Let m = 21 - 13. Suppose -m*d = -11*d + 3. Suppose -2*v - 5*g - d = -52, 4*g + 144 = 4*v. List the prime factors of v.
3, 11
Let g(b) = 8*b**3 + 3*b**2 + b - 14. Let q be g(7). List the prime factors of (-6)/(-10) - q/(-10).
17
Let d be (-26)/(-8) + (-6)/(-8). Suppose 0 = -2*i - d + 2. What are the prime factors of 0 - (-1 + i*18)?
19
Let y(b) = 4*b**3 + 4*b**2 + 12*b - 6. What are the prime factors of y(6)?
2, 3, 179
Let w be -3*((-32)/12 + 2). Suppose 5*j - 15 = w*t, 5*t + 3*j + 0*j - 9 = 0. Suppose t*c - 3*c = -57. List the prime factors of c.
19
Suppose 2*r = -2*a - 25 + 181, 2*a - 168 = -5*r. Let f = 10 + a. List the prime factors of f.
2, 3, 7
Suppose 0 = 5*k + 3*p - 346, 3*k - 130 = k - 4*p. What are the prime factors of k?
71
Suppose 2*w = 5*p - 3*w - 145, -4*p - w + 121 = 0. Let h = p + -9. What are the prime factors of h?
3, 7
Suppose 2*a + 7 = 17. Let h = 18 - a. What are the prime factors of h?
13
Suppose -2*f + 2*k = -542, -5*k = -2*k + 6. Suppose 452 = 5*r - t - t, 3*r - f = -t. List the prime factors of r.
2, 3, 5
Let h = -1501 - -2368. List the prime factors of h.
3, 17
Let p(o) = 7*o**3 - 13*o**2 + o - 1. Let k(q) = -10*q**3 + 19*q**2 - q + 1. Let d(l) = -5*k(l) - 7*p(l). List the prime factors of d(7).
3, 5
Let f(x) = 20*x - 99. List the prime factors of f(21).
3, 107
Suppose -3*j + 0*j - 4*w - 1705 = 0, 575 = -j + 2*w. Let x = 316 + j. What are the prime factors of (-2)/6 - x/9?
2, 7
Suppose -48*f - 1203 = -51*f. Suppose -3*k - f + 1268 = 0. List the prime factors of k.
17
Let d = 1030 - 307. List the prime factors of d.
3, 241
Suppose 3 = -3*y + 5*z, 0*y = 2*y + 2*z - 14. Suppose y*w - 6*w - 16 = 0. Let r(g) = -g**2 - 9*g - 6. List the prime factors of r(w).
2
Suppose 3*p + 290 = 5*k, k + 3 = 5*p + 83. List the prime factors of k.
5, 11
Let l(f) = 2*f**2 + 3. Let t(r) = r**2 + 12*r + 7. Let p(s) = -s. Let d(k) = p(k) + t(k). Let z be d(-10). List the prime factors of l(z).
3, 7
Suppose 1684 = 3*c - t, -3*t - 320 = -2*c + 812. What are the prime factors of c?
2, 5, 7
Let s be ((-88)/6 + 0)/(6/(-9)). Suppose -d + 55 = s. What are the prime factors of d?
3, 11
Let p be (2 - 3)/(6/90). Let q = -29 - p. What are the prime factors of ((-12)/14)/(3/q)?
2
List the prime factors of (-7)/(105/125)*-174.
2, 5, 29
What are the prime factors of -7 + (-304)/(-40) + (-2224)/(-10)?
223
Suppose 0 = -3*q - 4*s + 733, -5*s + 1490 = 5*q + 270. Suppose 0 = -29*y + 32*y - q. What are the prime factors of y?
3
Let m(d) = -4*d - 5. Let w be m(4). Let q(p) = p**3 - p**2 + p + 60. Let v be q(0). Let y = w + v. List the prime factors of y.
3, 13
Let p(v) be the third derivative of 3*v**6/40 + v**5/30 - v**4/12 + v**3/6 + 3*v**2. Let j be p(1). Suppose -7*y + j*y - 6 = 0. List the prime factors of y.
2
Let c(w) = 392*w**3 + w**2 + 2*w - 2. Let z be c(1). Suppose 1